{"id":23968,"date":"2024-05-28T13:14:47","date_gmt":"2024-05-28T11:14:47","guid":{"rendered":"https:\/\/debohrasaba.com\/?page_id=23968"},"modified":"2025-10-06T15:35:26","modified_gmt":"2025-10-06T13:35:26","slug":"galeries-privees","status":"publish","type":"page","link":"https:\/\/debohrasaba.com\/?page_id=23968","title":{"rendered":"Galeries Priv\u00e9es"},"content":{"rendered":"<!--Lumys-->\n<div id=\"lumys-widget\"><\/div>\n<!--Lumys-->\n<script type=\"text\/javascript\">\n    var lumysUrl = \"https:\/\/app.lumys.photo\";\n    var lumysApiKey = \"u0laniw75qgi9g71\";\n    \/\/ var lumysCategory = \"votre cat\u00e9gorie\";\n    !function (d, s, w) {\n        if (d.getElementById(w)) return;\n        var g = d.createElement(s), e = d.getElementsByTagName(s)[0]; g.id = w;\n        g.src = lumysUrl + \"\/widget\/lumys-widget-v1.js\";\n        e.parentNode.insertBefore(g, e);\n    }(document, 'script', 'lumys-widget-loader');\n<\/script>\n<!--fin Lumys-->","protected":false},"excerpt":{"rendered":"","protected":false},"author":1,"featured_media":0,"parent":0,"menu_order":0,"comment_status":"closed","ping_status":"closed","template":"","meta":{"footnotes":""},"class_list":["post-23968","page","type-page","status-publish","hentry","latest_post"],"yoast_head":"<!-- This site is optimized with the Yoast SEO plugin v23.9 - https:\/\/yoast.com\/wordpress\/plugins\/seo\/ -->\n<title>Galeries Priv\u00e9es - La Boite \u00e0 Souvenirs<\/title>\n<meta name=\"robots\" content=\"index, follow, max-snippet:-1, max-image-preview:large, max-video-preview:-1\" \/>\n<link rel=\"canonical\" href=\"https:\/\/debohrasaba.com\/?page_id=23968\" \/>\n<meta property=\"og:locale\" content=\"fr_FR\" \/>\n<meta property=\"og:type\" content=\"article\" \/>\n<meta property=\"og:title\" content=\"Galeries Priv\u00e9es - La Boite \u00e0 Souvenirs\" \/>\n<meta property=\"og:url\" content=\"https:\/\/debohrasaba.com\/?page_id=23968\" \/>\n<meta property=\"og:site_name\" content=\"La Boite \u00e0 Souvenirs\" \/>\n<meta property=\"article:modified_time\" content=\"2025-10-06T13:35:26+00:00\" \/>\n<meta name=\"twitter:card\" content=\"summary_large_image\" \/>\n<script type=\"application\/ld+json\" class=\"yoast-schema-graph\">{\"@context\":\"https:\/\/schema.org\",\"@graph\":[{\"@type\":\"WebPage\",\"@id\":\"https:\/\/debohrasaba.com\/?page_id=23968\",\"url\":\"https:\/\/debohrasaba.com\/?page_id=23968\",\"name\":\"Galeries Priv\u00e9es - La Boite \u00e0 Souvenirs\",\"isPartOf\":{\"@id\":\"https:\/\/debohrasaba.com\/#website\"},\"datePublished\":\"2024-05-28T11:14:47+00:00\",\"dateModified\":\"2025-10-06T13:35:26+00:00\",\"breadcrumb\":{\"@id\":\"https:\/\/debohrasaba.com\/?page_id=23968#breadcrumb\"},\"inLanguage\":\"fr-FR\",\"potentialAction\":[{\"@type\":\"ReadAction\",\"target\":[\"https:\/\/debohrasaba.com\/?page_id=23968\"]}]},{\"@type\":\"BreadcrumbList\",\"@id\":\"https:\/\/debohrasaba.com\/?page_id=23968#breadcrumb\",\"itemListElement\":[{\"@type\":\"ListItem\",\"position\":1,\"name\":\"Accueil\",\"item\":\"https:\/\/debohrasaba.com\/\"},{\"@type\":\"ListItem\",\"position\":2,\"name\":\"Galeries Priv\u00e9es\"}]},{\"@type\":\"WebSite\",\"@id\":\"https:\/\/debohrasaba.com\/#website\",\"url\":\"https:\/\/debohrasaba.com\/\",\"name\":\"La Boite \u00e0 Souvenirs\",\"description\":\"Debohra Saba Photographe et cr\u00e9atrice de contenus en Is\u00e8re\",\"publisher\":{\"@id\":\"https:\/\/debohrasaba.com\/#organization\"},\"potentialAction\":[{\"@type\":\"SearchAction\",\"target\":{\"@type\":\"EntryPoint\",\"urlTemplate\":\"https:\/\/debohrasaba.com\/?s={search_term_string}\"},\"query-input\":{\"@type\":\"PropertyValueSpecification\",\"valueRequired\":true,\"valueName\":\"search_term_string\"}}],\"inLanguage\":\"fr-FR\"},{\"@type\":\"Organization\",\"@id\":\"https:\/\/debohrasaba.com\/#organization\",\"name\":\"La Boite \u00e0 Souvenirs\",\"url\":\"https:\/\/debohrasaba.com\/\",\"logo\":{\"@type\":\"ImageObject\",\"inLanguage\":\"fr-FR\",\"@id\":\"https:\/\/debohrasaba.com\/#\/schema\/logo\/image\/\",\"url\":\"https:\/\/debohrasaba.com\/wp-content\/uploads\/2026\/03\/cropped-La-boite-a-Souvenirs-1-scaled-1.jpg\",\"contentUrl\":\"https:\/\/debohrasaba.com\/wp-content\/uploads\/2026\/03\/cropped-La-boite-a-Souvenirs-1-scaled-1.jpg\",\"width\":2560,\"height\":1108,\"caption\":\"La Boite \u00e0 Souvenirs\"},\"image\":{\"@id\":\"https:\/\/debohrasaba.com\/#\/schema\/logo\/image\/\"}}]}<\/script>\n<!-- \/ Yoast SEO plugin. -->","yoast_head_json":{"title":"Galeries Priv\u00e9es - La Boite \u00e0 Souvenirs","robots":{"index":"index","follow":"follow","max-snippet":"max-snippet:-1","max-image-preview":"max-image-preview:large","max-video-preview":"max-video-preview:-1"},"canonical":"https:\/\/debohrasaba.com\/?page_id=23968","og_locale":"fr_FR","og_type":"article","og_title":"Galeries Priv\u00e9es - La Boite \u00e0 Souvenirs","og_url":"https:\/\/debohrasaba.com\/?page_id=23968","og_site_name":"La Boite \u00e0 Souvenirs","article_modified_time":"2025-10-06T13:35:26+00:00","twitter_card":"summary_large_image","schema":{"@context":"https:\/\/schema.org","@graph":[{"@type":"WebPage","@id":"https:\/\/debohrasaba.com\/?page_id=23968","url":"https:\/\/debohrasaba.com\/?page_id=23968","name":"Galeries Priv\u00e9es - La Boite \u00e0 Souvenirs","isPartOf":{"@id":"https:\/\/debohrasaba.com\/#website"},"datePublished":"2024-05-28T11:14:47+00:00","dateModified":"2025-10-06T13:35:26+00:00","breadcrumb":{"@id":"https:\/\/debohrasaba.com\/?page_id=23968#breadcrumb"},"inLanguage":"fr-FR","potentialAction":[{"@type":"ReadAction","target":["https:\/\/debohrasaba.com\/?page_id=23968"]}]},{"@type":"BreadcrumbList","@id":"https:\/\/debohrasaba.com\/?page_id=23968#breadcrumb","itemListElement":[{"@type":"ListItem","position":1,"name":"Accueil","item":"https:\/\/debohrasaba.com\/"},{"@type":"ListItem","position":2,"name":"Galeries Priv\u00e9es"}]},{"@type":"WebSite","@id":"https:\/\/debohrasaba.com\/#website","url":"https:\/\/debohrasaba.com\/","name":"La Boite \u00e0 Souvenirs","description":"Debohra Saba Photographe et cr\u00e9atrice de contenus en Is\u00e8re","publisher":{"@id":"https:\/\/debohrasaba.com\/#organization"},"potentialAction":[{"@type":"SearchAction","target":{"@type":"EntryPoint","urlTemplate":"https:\/\/debohrasaba.com\/?s={search_term_string}"},"query-input":{"@type":"PropertyValueSpecification","valueRequired":true,"valueName":"search_term_string"}}],"inLanguage":"fr-FR"},{"@type":"Organization","@id":"https:\/\/debohrasaba.com\/#organization","name":"La Boite \u00e0 Souvenirs","url":"https:\/\/debohrasaba.com\/","logo":{"@type":"ImageObject","inLanguage":"fr-FR","@id":"https:\/\/debohrasaba.com\/#\/schema\/logo\/image\/","url":"https:\/\/debohrasaba.com\/wp-content\/uploads\/2026\/03\/cropped-La-boite-a-Souvenirs-1-scaled-1.jpg","contentUrl":"https:\/\/debohrasaba.com\/wp-content\/uploads\/2026\/03\/cropped-La-boite-a-Souvenirs-1-scaled-1.jpg","width":2560,"height":1108,"caption":"La Boite \u00e0 Souvenirs"},"image":{"@id":"https:\/\/debohrasaba.com\/#\/schema\/logo\/image\/"}}]}},"jetpack_sharing_enabled":true,"_links":{"self":[{"href":"https:\/\/debohrasaba.com\/index.php?rest_route=\/wp\/v2\/pages\/23968","targetHints":{"allow":["GET"]}}],"collection":[{"href":"https:\/\/debohrasaba.com\/index.php?rest_route=\/wp\/v2\/pages"}],"about":[{"href":"https:\/\/debohrasaba.com\/index.php?rest_route=\/wp\/v2\/types\/page"}],"author":[{"embeddable":true,"href":"https:\/\/debohrasaba.com\/index.php?rest_route=\/wp\/v2\/users\/1"}],"replies":[{"embeddable":true,"href":"https:\/\/debohrasaba.com\/index.php?rest_route=%2Fwp%2Fv2%2Fcomments&post=23968"}],"version-history":[{"count":1,"href":"https:\/\/debohrasaba.com\/index.php?rest_route=\/wp\/v2\/pages\/23968\/revisions"}],"predecessor-version":[{"id":23970,"href":"https:\/\/debohrasaba.com\/index.php?rest_route=\/wp\/v2\/pages\/23968\/revisions\/23970"}],"wp:attachment":[{"href":"https:\/\/debohrasaba.com\/index.php?rest_route=%2Fwp%2Fv2%2Fmedia&parent=23968"}],"curies":[{"name":"wp","href":"https:\/\/api.w.org\/{rel}","templated":true}]}}